{"id":49,"date":"2012-12-03T22:06:02","date_gmt":"2012-12-03T22:06:02","guid":{"rendered":"http:\/\/cizgidunyam.com\/v1\/?page_id=49"},"modified":"2014-07-14T09:47:42","modified_gmt":"2014-07-14T09:47:42","slug":"misyon-vizyon","status":"publish","type":"page","link":"http:\/\/www.tmed.org.tr\/v1\/?page_id=49","title":{"rendered":"Misyon Vizyon"},"content":{"rendered":"<p><strong>Matematik E\u011fitimi Derne\u011fi&#8217;nin misyon ve vizyonu \u015fu \u015fekildedir:<\/strong><\/p>\n<p>* Matematik e\u011fitimi alan\u0131nda \u00e7al\u0131\u015fmalar yapan e\u011fitimci, \u00f6\u011fretmen ve ara\u015ft\u0131rmac\u0131lar i\u00e7in bir platform olu\u015fturulmak.<\/p>\n<p>* T\u00fcrkiye\u2019de matematik e\u011fitimi alan\u0131nda yap\u0131lan \u00e7al\u0131\u015fmalar\u0131 ve ara\u015ft\u0131rmalar\u0131 desteklemek.<\/p>\n<p>* Matematik e\u011fitimi alan\u0131nda elde edilen ara\u015ft\u0131rma sonu\u00e7lar\u0131n\u0131n e\u011fitim sistemi i\u00e7erisinde uygulamalar\u0131n\u0131 yayg\u0131nla\u015ft\u0131rmak<\/p>\n<p>* Toplumda matematik okur-yazarl\u0131\u011f\u0131n\u0131n geli\u015ftirilmesi ve yayg\u0131nla\u015ft\u0131r\u0131lmas\u0131 \u00e7al\u0131\u015fmalar\u0131n\u0131 desteklemek.<\/p>\n<p>* T\u00fcrkiye&#8217;nin matematik e\u011fitimi alan\u0131n\u0131nda uluslararas\u0131 temsilcisi olmak .<\/p>\n<p>&nbsp;<\/p>\n","protected":false},"excerpt":{"rendered":"<p>Matematik E\u011fitimi Derne\u011fi&#8217;nin misyon ve vizyonu \u015fu \u015fekildedir: * Matematik e\u011fitimi alan\u0131nda \u00e7al\u0131\u015fmalar yapan e\u011fitimci, \u00f6\u011fretmen ve ara\u015ft\u0131rmac\u0131lar i\u00e7in bir platform olu\u015fturulmak. * T\u00fcrkiye\u2019de matematik e\u011fitimi alan\u0131nda yap\u0131lan \u00e7al\u0131\u015fmalar\u0131 ve ara\u015ft\u0131rmalar\u0131 desteklemek. * Matematik e\u011fitimi alan\u0131nda elde edilen ara\u015ft\u0131rma sonu\u00e7lar\u0131n\u0131n e\u011fitim sistemi i\u00e7erisinde uygulamalar\u0131n\u0131 yayg\u0131nla\u015ft\u0131rmak * Toplumda matematik okur-yazarl\u0131\u011f\u0131n\u0131n geli\u015ftirilmesi &#8230;<\/p>\n","protected":false},"author":1,"featured_media":0,"parent":0,"menu_order":0,"comment_status":"closed","ping_status":"open","template":"","meta":{"ngg_post_thumbnail":0,"footnotes":""},"_links":{"self":[{"href":"http:\/\/www.tmed.org.tr\/v1\/index.php?rest_route=\/wp\/v2\/pages\/49"}],"collection":[{"href":"http:\/\/www.tmed.org.tr\/v1\/index.php?rest_route=\/wp\/v2\/pages"}],"about":[{"href":"http:\/\/www.tmed.org.tr\/v1\/index.php?rest_route=\/wp\/v2\/types\/page"}],"author":[{"embeddable":true,"href":"http:\/\/www.tmed.org.tr\/v1\/index.php?rest_route=\/wp\/v2\/users\/1"}],"replies":[{"embeddable":true,"href":"http:\/\/www.tmed.org.tr\/v1\/index.php?rest_route=%2Fwp%2Fv2%2Fcomments&post=49"}],"version-history":[{"count":5,"href":"http:\/\/www.tmed.org.tr\/v1\/index.php?rest_route=\/wp\/v2\/pages\/49\/revisions"}],"predecessor-version":[{"id":105,"href":"http:\/\/www.tmed.org.tr\/v1\/index.php?rest_route=\/wp\/v2\/pages\/49\/revisions\/105"}],"wp:attachment":[{"href":"http:\/\/www.tmed.org.tr\/v1\/index.php?rest_route=%2Fwp%2Fv2%2Fmedia&parent=49"}],"curies":[{"name":"wp","href":"https:\/\/api.w.org\/{rel}","templated":true}]}}