{"id":179,"date":"2013-11-13T11:43:50","date_gmt":"2013-11-13T11:43:50","guid":{"rendered":"http:\/\/www.tmed.org.tr\/v1\/?page_id=179"},"modified":"2014-01-10T16:02:33","modified_gmt":"2014-01-10T16:02:33","slug":"dernek-baskanimizin-basindaki-yayini","status":"publish","type":"page","link":"http:\/\/www.tmed.org.tr\/v1\/?page_id=179","title":{"rendered":"Dernek Ba\u015fkan\u0131m\u0131z\u0131n Bas\u0131ndaki Yay\u0131n\u0131"},"content":{"rendered":"<p>Dernek Ba\u015fkan\u0131m\u0131z\u0131n &#8220;\u00d6\u011frenciler neden say\u0131sal derslerde ba\u015far\u0131l\u0131 olam\u0131yor?&#8221; ba\u015fl\u0131kl\u0131 yaz\u0131s\u0131 H\u00fcrriyet E\u011fitimde yay\u0131mlanm\u0131\u015ft\u0131r. Yaz\u0131ya ula\u015fmak i\u00e7in <a href=\"http:\/\/www.hurriyet.com.tr\/egitim\/24942609.asp\" target=\"_blank\">t\u0131klay\u0131n\u0131z&#8230;<\/a><\/p>\n","protected":false},"excerpt":{"rendered":"<p>Dernek Ba\u015fkan\u0131m\u0131z\u0131n &#8220;\u00d6\u011frenciler neden say\u0131sal derslerde ba\u015far\u0131l\u0131 olam\u0131yor?&#8221; ba\u015fl\u0131kl\u0131 yaz\u0131s\u0131 H\u00fcrriyet E\u011fitimde yay\u0131mlanm\u0131\u015ft\u0131r. Yaz\u0131ya ula\u015fmak i\u00e7in t\u0131klay\u0131n\u0131z&#8230;<\/p>\n","protected":false},"author":1,"featured_media":0,"parent":0,"menu_order":0,"comment_status":"closed","ping_status":"open","template":"","meta":{"ngg_post_thumbnail":0,"footnotes":""},"_links":{"self":[{"href":"http:\/\/www.tmed.org.tr\/v1\/index.php?rest_route=\/wp\/v2\/pages\/179"}],"collection":[{"href":"http:\/\/www.tmed.org.tr\/v1\/index.php?rest_route=\/wp\/v2\/pages"}],"about":[{"href":"http:\/\/www.tmed.org.tr\/v1\/index.php?rest_route=\/wp\/v2\/types\/page"}],"author":[{"embeddable":true,"href":"http:\/\/www.tmed.org.tr\/v1\/index.php?rest_route=\/wp\/v2\/users\/1"}],"replies":[{"embeddable":true,"href":"http:\/\/www.tmed.org.tr\/v1\/index.php?rest_route=%2Fwp%2Fv2%2Fcomments&post=179"}],"version-history":[{"count":4,"href":"http:\/\/www.tmed.org.tr\/v1\/index.php?rest_route=\/wp\/v2\/pages\/179\/revisions"}],"predecessor-version":[{"id":207,"href":"http:\/\/www.tmed.org.tr\/v1\/index.php?rest_route=\/wp\/v2\/pages\/179\/revisions\/207"}],"wp:attachment":[{"href":"http:\/\/www.tmed.org.tr\/v1\/index.php?rest_route=%2Fwp%2Fv2%2Fmedia&parent=179"}],"curies":[{"name":"wp","href":"https:\/\/api.w.org\/{rel}","templated":true}]}}